{"id":997,"date":"2021-04-26T20:35:28","date_gmt":"2021-04-26T20:35:28","guid":{"rendered":"https:\/\/bslthemes.site\/tastyc\/?page_id=13"},"modified":"2022-04-06T09:56:54","modified_gmt":"2022-04-06T08:56:54","slug":"home","status":"publish","type":"page","link":"https:\/\/www.cafe19.dk\/","title":{"rendered":"Hjem"},"content":{"rendered":"\t\t<div data-elementor-type=\"wp-page\" data-elementor-id=\"997\" class=\"elementor elementor-997\">\n\t\t\t\t\t\t<section class=\"elementor-section elementor-top-section elementor-element elementor-element-948089f elementor-section-full_width elementor-section-height-default elementor-section-height-default\" data-id=\"948089f\" data-element_type=\"section\" data-e-type=\"section\">\n\t\t\t\t\t\t<div class=\"elementor-container elementor-column-gap-no\">\n\t\t\t\t\t<div class=\"elementor-column elementor-col-100 elementor-top-column elementor-element elementor-element-77ede7b\" data-id=\"77ede7b\" data-element_type=\"column\" data-e-type=\"column\">\n\t\t\t<div class=\"elementor-widget-wrap elementor-element-populated\">\n\t\t\t\t\t\t<div class=\"elementor-element elementor-element-ec4032f elementor-widget elementor-widget-tastyc-about-us\" data-id=\"ec4032f\" data-element_type=\"widget\" data-e-type=\"widget\" data-widget_type=\"tastyc-about-us.default\">\n\t\t\t\t<div class=\"elementor-widget-container\">\n\t\t\t\t\t\n\t\t<!-- container -->\n\t\t<div class=\"container\">\n\n\t\t<div class=\"row align-items-center flex-sm-row-reverse\">\n\n\t\t<div class=\"col-lg-6\">\n\n\t\t<!-- about text -->\n\t\t<div class=\"tst-mb-60\">\n\t\t  \t\t  <div class=\"tst-suptitle tst-mb-15\">\n\t\t  \t<span >\n\t\t\t\tOm os\t\t\t<\/span>\n\t\t  <\/div>\n\t\t  \t\t  \t\t  <h3 class=\"tst-title--h tst-mb-30\">\n\t\t  \t<span >\n\t\t\t\tVelkommen til Cafe 19\t\t\t<\/span>\n\t\t  <\/h3>\n\t\t  \t\t  \t\t  <div class=\"tst-text tst-mb-30\">\n\t\t  \t<div >\n\t\t\t  \t<p>Cafe19 er vores beskedne bud p\u00e5 en cafe midt i Destination Vadehavet. Vi s\u00e6tter kvalitet og service i h\u00f8js\u00e6de og v\u00e6rds\u00e6tter den fantastiske natur vi har omkring os. Det betyder bl.a at vi anvender lokale r\u00e5varer hvor det er muligt. Kig ind til en l\u00e6kker frokost eller en kop kaffe<\/p>\t\t\t<\/div>\n\t\t  <\/div>\n\t\t  \t\t  \t\t  <a href=\"\/tastyc\/about-us\/\" class=\"tst-btn tst-anima-link tst-mr-30\">\n\t\t  \t<span >\n\t\t\t\tL\u00e6s Mere\t\t\t<\/span>\n\t\t  <\/a>\n\t\t  \t\t  \t\t<\/div>\n\t\t<!-- about text end -->\n\n\t\t<\/div>\n\n\t\t<div class=\"col-lg-6\">\n\n\t\t<!-- about video -->\n\t\t<div class=\"tst-about-cover tst-mb-60\">\n\t\t  \t\t  <img decoding=\"async\" src=\"https:\/\/i0.wp.com\/www.cafe19.dk\/wp-content\/uploads\/2021\/04\/about.jpg?fit=950%2C713&#038;ssl=1\" alt=\"Om os\" class=\"tst-cover\">\n\t\t  \t\t  <div class=\"tst-overlay\"><\/div>\n\t\t  \t\t<\/div>\n\t\t<!-- about video end -->\n\n\t\t<\/div>\n\n\t\t<\/div>\n\n\t\t<div class=\"tst-spacer tst-spacer-only-bottom-space\"><\/div>\n\n\t\t<\/div>\n\t\t<!-- container end -->\n\n\t\t\t\t\t\t<\/div>\n\t\t\t\t<\/div>\n\t\t\t\t<div class=\"elementor-element elementor-element-ae315c1 elementor-widget elementor-widget-tastyc-schedule\" data-id=\"ae315c1\" data-element_type=\"widget\" data-e-type=\"widget\" data-widget_type=\"tastyc-schedule.default\">\n\t\t\t\t<div class=\"elementor-widget-container\">\n\t\t\t\t\t\n\t\t<!-- container -->\n\t\t<div class=\"container\">\n\n\t\t<!-- banner sm -->\n        <div class=\"tst-banner-sm\">\n\n          <div class=\"tst-cover-frame\">\n          \t            <img decoding=\"async\" src=\"https:\/\/i0.wp.com\/www.cafe19.dk\/wp-content\/uploads\/2021\/04\/gallery-i-1.jpg?fit=1000%2C667&#038;ssl=1\" alt=\"\" class=\"tst-cover\">\n                        <div class=\"tst-overlay\"><\/div>\n          <\/div>\n\n          <div class=\"row align-items-center\">\n\n            <div class=\"col-lg-8\">\n\n              <div class=\"tst-text-frame\">\n              \t                <div class=\"tst-suptitle tst-suptitle-mobile-center tst-white-2 tst-mb-15\">\n                \t<span >\n\t\t\t          \tOm os\t\t\t        <\/span>\n                <\/div>\n                                                <h2 class=\"tst-title--h tst-white-2 tst-mb-30\">\n                \t<span >\n\t\t\t          \t\u00c5bningstider\t\t\t        <\/span>\n                <\/h2>\n                                                <p class=\"tst-text tst-white-2 tst-mb-30\">\n                \t<span >\n\t\t\t          \tBem\u00e6rk \u00e5bningstider kan \u00e6ndres alt efter s\u00e6son. Ved events g\u00e6lder special \u00e5bningstider\t\t\t        <\/span>\n                <\/p>\n                                                <div class=\"tst-btn-mobile\">\n                                    <a href=\"#.\" class=\"tst-btn tst-res-btn tst-mr-30\">\n                  \t<span >\n\t\t\t          \tReservation\t\t\t        <\/span>\n                  <\/a>\n                                                      <a href=\"\/tastyc\/contact\/\" class=\"tst-label tst-white-2\">\n                  \t<span >\n\t\t\t          \tKontakt os\t\t\t        <\/span>\n                  <\/a>\n                                  <\/div>\n                              <\/div>\n\n            <\/div>\n            <div class=\"col-lg-4\">\n\n              <div class=\"tst-wh-frame tst-wh-frame--add\">\n              \t              \t<div class=\"tst-wh-add tst-mb-30\">\n                                    <div class=\"tst-label tst-mb-15\">\n                  \t<span >\n\t\t\t          S\u00e6son \u00e5bent\t\t\t        <\/span>\n                  <\/div>\n                                                      <div class=\"h5\">\n                  \t\t                  <span >\n\t\t\t        \tS\u00e6son\u00e5ben 1 April til <BR>1 November \t\t\t          <\/span>\n\t\t\t                      \t  <\/div>\n                                  <\/div>\n                \n              \t\t\t\t\t                <div class=\"tst-wh-time tst-mb-30\">\n                                    <div class=\"tst-label tst-mb-15\">\n                  \t<span >\n\t\t\t          Alle ugens dage\t\t\t        <\/span>\n                  <\/div>\n                                                      <div class=\"h5\">\n                  <span >\n\t\t        \t11\t\t          <\/span>\n                  <span class=\"tst-color\">:<\/span> \n              \t  <span >\n\t\t        \t30\t\t          <\/span>\n              \t  <\/div>\n                                                      <div class=\"h5\">\n                  <span >\n\t\t        \t17\t\t          <\/span>\n                  <span class=\"tst-color\">:<\/span> \n              \t  <span >\n\t\t        \t30\t\t          <\/span>\n                  <\/div>\n                                  <\/div>\n                          \t\t\n              <\/div>\n\n            <\/div>\n          <\/div>\n\n        <\/div>\n        <!-- banner sm end -->\n\n        <div class=\"tst-spacer\"><\/div>\n\n\t\t<\/div>\n\t\t<!-- container end -->\n\n\t\t\t\t\t\t<\/div>\n\t\t\t\t<\/div>\n\t\t\t\t<div class=\"elementor-element elementor-element-30c5ffa elementor-widget elementor-widget-tastyc-subscribe-form\" data-id=\"30c5ffa\" data-element_type=\"widget\" data-e-type=\"widget\" data-widget_type=\"tastyc-subscribe-form.default\">\n\t\t\t\t<div class=\"elementor-widget-container\">\n\t\t\t\t\t\n\t\t<!-- container -->\n\t\t<div class=\"container\">\n\n\t\t<div class=\"tst-banner-sm\">\n          <div class=\"tst-cover-frame\">\n          \t            <img decoding=\"async\" src=\"https:\/\/i0.wp.com\/www.cafe19.dk\/wp-content\/uploads\/2021\/04\/gallery-i-6.jpg?fit=1000%2C619&#038;ssl=1\" alt=\"Nyhedsbrev\" class=\"tst-cover\">\n        \t            <div class=\"tst-overlay\"><\/div>\n          <\/div>\n          <div class=\"row align-items-center\">\n            <div class=\"col-lg-12\">\n              <div class=\"tst-text-frame text-center\">\n              \t                <div class=\"tst-suptitle tst-suptitle-mobile-center tst-suptitle-center tst-text-shadow tst-white-2 tst-mb-15\">\n                \t<span >\n\t\t          \t\tNyhedsbrev\t\t         \t<\/span>\n                <\/div>\n                                                <h2 class=\"tst-title--h tst-white-2 tst-text-shadow tst-mb-30\">\n            \t\t<span >\n\t\t          \t\tTilmelding nyhedsbrev \t\t         \t<\/span>\n            \t<\/h2>\n            \t                                <p class=\"tst-text tst-white-2 tst-text-shadow tst-mb-30\">\n                \t<span >\n\t\t          \t\tBliv opdateret omkring vores events og special tilbud.\t\t         \t<\/span>\n                <\/p>\n                                                \t\n<div class=\"wpcf7 no-js\" id=\"wpcf7-f368-o1\" lang=\"en-US\" dir=\"ltr\" data-wpcf7-id=\"368\">\n<div class=\"screen-reader-response\"><p role=\"status\" aria-live=\"polite\" aria-atomic=\"true\"><\/p> <ul><\/ul><\/div>\n<form action=\"\/index.php?rest_route=%2Fwp%2Fv2%2Fpages%2F997#wpcf7-f368-o1\" method=\"post\" class=\"wpcf7-form init 58b63e658f2a cmatic-disconn cmatic-aud-0 cmatic-mapd0-0 cmatic-v097803 cmatic-sent-0 cmatic-total-0\" aria-label=\"Contact form\" novalidate=\"novalidate\" data-status=\"init\">\n<fieldset class=\"hidden-fields-container\"><input type=\"hidden\" name=\"_wpcf7\" value=\"368\" \/><input type=\"hidden\" name=\"_wpcf7_version\" value=\"6.1.5\" \/><input type=\"hidden\" name=\"_wpcf7_locale\" value=\"en_US\" \/><input type=\"hidden\" name=\"_wpcf7_unit_tag\" value=\"wpcf7-f368-o1\" \/><input type=\"hidden\" name=\"_wpcf7_container_post\" value=\"0\" \/><input type=\"hidden\" name=\"_wpcf7_posted_data_hash\" value=\"\" \/>\n<\/fieldset>\n<span class=\"wpcf7-form-control-wrap\" data-name=\"sf_email\"><input size=\"40\" maxlength=\"400\" class=\"wpcf7-form-control wpcf7-email wpcf7-validates-as-required wpcf7-text wpcf7-validates-as-email\" aria-required=\"true\" aria-invalid=\"false\" placeholder=\"Tast din Email her\" value=\"\" type=\"email\" name=\"sf_email\" \/><\/span>\n<button class=\"tst-btn\" type=\"submit\">Tilmed mig<\/button><div class=\"wpcf7-response-output\" aria-hidden=\"true\"><\/div>\n<\/form>\n<\/div>\n                              <\/div>\n            <\/div>\n          <\/div>\n        <\/div>\n\n\t\t<\/div>\n\t\t<!-- container end -->\t\t\t\n\n\t\t\t\t\t\t<\/div>\n\t\t\t\t<\/div>\n\t\t\t\t\t<\/div>\n\t\t<\/div>\n\t\t\t\t\t<\/div>\n\t\t<\/section>\n\t\t\t\t<\/div>\n\t\t","protected":false},"excerpt":{"rendered":"<p>Om os Velkommen til Cafe 19 Cafe19 er vores beskedne bud p\u00e5 en cafe midt i Destination Vadehavet. Vi s\u00e6tter&#8230; <span class=\"tst-el-more\"><a href=\"https:\/\/www.cafe19.dk\/\" class=\"tst-label tst-color tst-anima-link\">Read more<\/a><\/span><\/p>\n","protected":false},"author":1,"featured_media":0,"parent":0,"menu_order":0,"comment_status":"closed","ping_status":"closed","template":"template-layout-builder.php","meta":{"footnotes":""},"class_list":["post-997","page","type-page","status-publish","hentry"],"jetpack_sharing_enabled":true,"_links":{"self":[{"href":"https:\/\/www.cafe19.dk\/index.php?rest_route=\/wp\/v2\/pages\/997","targetHints":{"allow":["GET"]}}],"collection":[{"href":"https:\/\/www.cafe19.dk\/index.php?rest_route=\/wp\/v2\/pages"}],"about":[{"href":"https:\/\/www.cafe19.dk\/index.php?rest_route=\/wp\/v2\/types\/page"}],"author":[{"embeddable":true,"href":"https:\/\/www.cafe19.dk\/index.php?rest_route=\/wp\/v2\/users\/1"}],"replies":[{"embeddable":true,"href":"https:\/\/www.cafe19.dk\/index.php?rest_route=%2Fwp%2Fv2%2Fcomments&post=997"}],"version-history":[{"count":82,"href":"https:\/\/www.cafe19.dk\/index.php?rest_route=\/wp\/v2\/pages\/997\/revisions"}],"predecessor-version":[{"id":1923,"href":"https:\/\/www.cafe19.dk\/index.php?rest_route=\/wp\/v2\/pages\/997\/revisions\/1923"}],"wp:attachment":[{"href":"https:\/\/www.cafe19.dk\/index.php?rest_route=%2Fwp%2Fv2%2Fmedia&parent=997"}],"curies":[{"name":"wp","href":"https:\/\/api.w.org\/{rel}","templated":true}]}}